{"id":16,"date":"2014-09-13T13:22:06","date_gmt":"2014-09-13T13:22:06","guid":{"rendered":"http:\/\/bushinengue.light-inc.org\/?page_id=16"},"modified":"2017-03-23T16:06:35","modified_gmt":"2017-03-23T16:06:35","slug":"results","status":"publish","type":"page","link":"https:\/\/bushinengue.williambarylo.com\/?page_id=16","title":{"rendered":"Results"},"content":{"rendered":"<ul>\n<li>Dec 2010 : Mama Bobi hands over the Light Inc report to Guiana MPs Chantal Berthelot and Christiane Taubira. The report will serve as a support for a widespread awareness raising campaign for the environment, in partnership with the National Education Minister. The project comprises presentations in Nengue Tongo for high school students performed by Mama Bobi.<\/li>\n<li>Oct-Nov 2010 : Writing of the report, sent to Mama Bobi.<\/li>\n<li>Jun &#8211; Jul 2010 : Second Fieldwork. Socio-Anthropological study to understand the social and administrative blockages on the Maroni with Mama Bobi.<\/li>\n<li>Feb 2008 &#8211; Nov 2009 : Exhibitions and discussions in High Schools and Universities in continental France.\u00a0Project of a concrete action on the Maroni.<\/li>\n<li>Dec\u00a02007 &#8211; Janv 2008 : First fieldwork in French Guiana. Photo report.<\/li>\n<\/ul>\n<p><img decoding=\"async\" loading=\"lazy\" class=\"aligncenter size-full wp-image-118\" src=\"http:\/\/bushinengue.light-inc.org\/wp-content\/uploads\/2014\/09\/RapportNM2010-e1410624309159.jpg\" alt=\"RapportNM2010\" width=\"100\" height=\"150\" \/><\/p>\n<p><a href=\"http:\/\/bushinengue.light-inc.org\/BN2010.pdf\" target=\"_blank\">Download the full project report (French) &#8211; soon available in English<img decoding=\"async\" loading=\"lazy\" class=\"aligncenter size-full wp-image-117\" src=\"http:\/\/bushinengue.light-inc.org\/wp-content\/uploads\/2014\/09\/Dynamiques_Bloquantes_du_Maroni_Page_01-e1410624362284.jpg\" alt=\"Dynamiques_Bloquantes_du_Maroni_Page_01\" width=\"100\" height=\"141\" \/><\/a><\/p>\n<p><a href=\"http:\/\/bushinengue.light-inc.org\/BN2010.pdf\" target=\"_blank\">Download the Study (French) &#8211; soon available in English<\/a><\/p>\n<p>&nbsp;<\/p>\n<p>&nbsp;<\/p>\n<p>*** Fran\u00e7ais ***<\/p>\n<p>&nbsp;<\/p>\n<ul>\n<li>D\u00e9cembre 2010 : L&#8217;association Mama Bobi transmet le rapport de l&#8217;association Light Inc. aux d\u00e9put\u00e9es de la Guyane Chantal Berthelot et Christiane Taubira. Le rapport servira d&#8217;appui \u00e0 un projet \u00e0 l&#8217;\u00e9chelle r\u00e9gionale de consciencisation des populations \u00e0 l&#8217;environnement en partenariat avec l&#8217;Education Nationale. Il comprend des interventions en milieu scolaire en Nenge Tongo assur\u00e9s par l&#8217;association Mama Bobi.<\/li>\n<li>Octobre-Novembre 2010 : Conclusion du rapport, transmission du rapport Noor 35 \u00e0 l&#8217;association Mama Bobi.<\/li>\n<li>Juin Juillet 2010 : Travail de terrain sur le Maroni. Enqu\u00eate sociologique pour comprendre les m\u00e9canismes du blocage socio-administratif de la situation sanitaire sur le Maroni.<\/li>\n<li>F\u00e9vrirer 2008-Novembre 2009 : Interventions et expositions en M\u00e9tropole. D\u00e9but d&#8217;une r\u00e9flexion sur une action concr\u00e8te sur le Maroni.<\/li>\n<li>D\u00e9cembre 2007 &#8211; Janvier 2008 : Premier travail de terrain sur le Maroni. Reportage Photographique.<\/li>\n<\/ul>\n","protected":false},"excerpt":{"rendered":"<p>Dec 2010 : Mama Bobi hands over the Light Inc report to Guiana MPs Chantal Berthelot and Christiane Taubira. The report will serve as a support for a widespread awareness raising campaign for the environment, in partnership with the National Education Minister. The project comprises presentations in Nengue Tongo for high school students performed by<a class=\"read-more \" href=\"https:\/\/bushinengue.williambarylo.com\/?page_id=16\" title=\"Read More\"> <span class=\"button default\">Read More<\/span><\/a><\/p>\n","protected":false},"author":88891,"featured_media":0,"parent":0,"menu_order":0,"comment_status":"open","ping_status":"open","template":"","meta":[],"yoast_head":"<!-- This site is optimized with the Yoast SEO plugin v20.11 - https:\/\/yoast.com\/wordpress\/plugins\/seo\/ -->\n<title>Results - Bushinengue of French Guiana - Guyane Fran\u00e7aise<\/title>\n<meta name=\"robots\" content=\"index, follow, max-snippet:-1, max-image-preview:large, max-video-preview:-1\" \/>\n<link rel=\"canonical\" href=\"https:\/\/bushinengue.williambarylo.com\/?page_id=16\" \/>\n<meta property=\"og:locale\" content=\"en_US\" \/>\n<meta property=\"og:type\" content=\"article\" \/>\n<meta property=\"og:title\" content=\"Results - Bushinengue of French Guiana - Guyane Fran\u00e7aise\" \/>\n<meta property=\"og:description\" content=\"Dec 2010 : Mama Bobi hands over the Light Inc report to Guiana MPs Chantal Berthelot and Christiane Taubira. The report will serve as a support for a widespread awareness raising campaign for the environment, in partnership with the National Education Minister. The project comprises presentations in Nengue Tongo for high school students performed by Read More\" \/>\n<meta property=\"og:url\" content=\"https:\/\/bushinengue.williambarylo.com\/?page_id=16\" \/>\n<meta property=\"og:site_name\" content=\"Bushinengue of French Guiana - Guyane Fran\u00e7aise\" \/>\n<meta property=\"article:modified_time\" content=\"2017-03-23T16:06:35+00:00\" \/>\n<meta property=\"og:image\" content=\"http:\/\/bushinengue.light-inc.org\/wp-content\/uploads\/2014\/09\/RapportNM2010-e1410624309159.jpg\" \/>\n<meta name=\"twitter:card\" content=\"summary_large_image\" \/>\n<meta name=\"twitter:label1\" content=\"Est. reading time\" \/>\n\t<meta name=\"twitter:data1\" content=\"1 minute\" \/>\n<script type=\"application\/ld+json\" class=\"yoast-schema-graph\">{\"@context\":\"https:\/\/schema.org\",\"@graph\":[{\"@type\":\"WebPage\",\"@id\":\"https:\/\/bushinengue.williambarylo.com\/?page_id=16\",\"url\":\"https:\/\/bushinengue.williambarylo.com\/?page_id=16\",\"name\":\"Results - Bushinengue of French Guiana - Guyane Fran\u00e7aise\",\"isPartOf\":{\"@id\":\"https:\/\/bushinengue.williambarylo.com\/#website\"},\"datePublished\":\"2014-09-13T13:22:06+00:00\",\"dateModified\":\"2017-03-23T16:06:35+00:00\",\"breadcrumb\":{\"@id\":\"https:\/\/bushinengue.williambarylo.com\/?page_id=16#breadcrumb\"},\"inLanguage\":\"en-US\",\"potentialAction\":[{\"@type\":\"ReadAction\",\"target\":[\"https:\/\/bushinengue.williambarylo.com\/?page_id=16\"]}]},{\"@type\":\"BreadcrumbList\",\"@id\":\"https:\/\/bushinengue.williambarylo.com\/?page_id=16#breadcrumb\",\"itemListElement\":[{\"@type\":\"ListItem\",\"position\":1,\"name\":\"Home\",\"item\":\"https:\/\/bushinengue.williambarylo.com\/\"},{\"@type\":\"ListItem\",\"position\":2,\"name\":\"Results\"}]},{\"@type\":\"WebSite\",\"@id\":\"https:\/\/bushinengue.williambarylo.com\/#website\",\"url\":\"https:\/\/bushinengue.williambarylo.com\/\",\"name\":\"Bushinengue of French Guiana - Guyane Fran\u00e7aise\",\"description\":\"Bushinengue of French Guiana - Guyane Fran\u00e7aise\",\"potentialAction\":[{\"@type\":\"SearchAction\",\"target\":{\"@type\":\"EntryPoint\",\"urlTemplate\":\"https:\/\/bushinengue.williambarylo.com\/?s={search_term_string}\"},\"query-input\":\"required name=search_term_string\"}],\"inLanguage\":\"en-US\"}]}<\/script>\n<!-- \/ Yoast SEO plugin. -->","yoast_head_json":{"title":"Results - Bushinengue of French Guiana - Guyane Fran\u00e7aise","robots":{"index":"index","follow":"follow","max-snippet":"max-snippet:-1","max-image-preview":"max-image-preview:large","max-video-preview":"max-video-preview:-1"},"canonical":"https:\/\/bushinengue.williambarylo.com\/?page_id=16","og_locale":"en_US","og_type":"article","og_title":"Results - Bushinengue of French Guiana - Guyane Fran\u00e7aise","og_description":"Dec 2010 : Mama Bobi hands over the Light Inc report to Guiana MPs Chantal Berthelot and Christiane Taubira. The report will serve as a support for a widespread awareness raising campaign for the environment, in partnership with the National Education Minister. The project comprises presentations in Nengue Tongo for high school students performed by Read More","og_url":"https:\/\/bushinengue.williambarylo.com\/?page_id=16","og_site_name":"Bushinengue of French Guiana - Guyane Fran\u00e7aise","article_modified_time":"2017-03-23T16:06:35+00:00","og_image":[{"url":"http:\/\/bushinengue.light-inc.org\/wp-content\/uploads\/2014\/09\/RapportNM2010-e1410624309159.jpg"}],"twitter_card":"summary_large_image","twitter_misc":{"Est. reading time":"1 minute"},"schema":{"@context":"https:\/\/schema.org","@graph":[{"@type":"WebPage","@id":"https:\/\/bushinengue.williambarylo.com\/?page_id=16","url":"https:\/\/bushinengue.williambarylo.com\/?page_id=16","name":"Results - Bushinengue of French Guiana - Guyane Fran\u00e7aise","isPartOf":{"@id":"https:\/\/bushinengue.williambarylo.com\/#website"},"datePublished":"2014-09-13T13:22:06+00:00","dateModified":"2017-03-23T16:06:35+00:00","breadcrumb":{"@id":"https:\/\/bushinengue.williambarylo.com\/?page_id=16#breadcrumb"},"inLanguage":"en-US","potentialAction":[{"@type":"ReadAction","target":["https:\/\/bushinengue.williambarylo.com\/?page_id=16"]}]},{"@type":"BreadcrumbList","@id":"https:\/\/bushinengue.williambarylo.com\/?page_id=16#breadcrumb","itemListElement":[{"@type":"ListItem","position":1,"name":"Home","item":"https:\/\/bushinengue.williambarylo.com\/"},{"@type":"ListItem","position":2,"name":"Results"}]},{"@type":"WebSite","@id":"https:\/\/bushinengue.williambarylo.com\/#website","url":"https:\/\/bushinengue.williambarylo.com\/","name":"Bushinengue of French Guiana - Guyane Fran\u00e7aise","description":"Bushinengue of French Guiana - Guyane Fran\u00e7aise","potentialAction":[{"@type":"SearchAction","target":{"@type":"EntryPoint","urlTemplate":"https:\/\/bushinengue.williambarylo.com\/?s={search_term_string}"},"query-input":"required name=search_term_string"}],"inLanguage":"en-US"}]}},"_links":{"self":[{"href":"https:\/\/bushinengue.williambarylo.com\/index.php?rest_route=\/wp\/v2\/pages\/16"}],"collection":[{"href":"https:\/\/bushinengue.williambarylo.com\/index.php?rest_route=\/wp\/v2\/pages"}],"about":[{"href":"https:\/\/bushinengue.williambarylo.com\/index.php?rest_route=\/wp\/v2\/types\/page"}],"author":[{"embeddable":true,"href":"https:\/\/bushinengue.williambarylo.com\/index.php?rest_route=\/wp\/v2\/users\/88891"}],"replies":[{"embeddable":true,"href":"https:\/\/bushinengue.williambarylo.com\/index.php?rest_route=%2Fwp%2Fv2%2Fcomments&post=16"}],"version-history":[{"count":7,"href":"https:\/\/bushinengue.williambarylo.com\/index.php?rest_route=\/wp\/v2\/pages\/16\/revisions"}],"predecessor-version":[{"id":250,"href":"https:\/\/bushinengue.williambarylo.com\/index.php?rest_route=\/wp\/v2\/pages\/16\/revisions\/250"}],"wp:attachment":[{"href":"https:\/\/bushinengue.williambarylo.com\/index.php?rest_route=%2Fwp%2Fv2%2Fmedia&parent=16"}],"curies":[{"name":"wp","href":"https:\/\/api.w.org\/{rel}","templated":true}]}}